{"id":162,"date":"2021-06-22T09:56:59","date_gmt":"2021-06-22T07:56:59","guid":{"rendered":"https:\/\/www.captreso.com\/?page_id=162"},"modified":"2021-08-02T15:09:22","modified_gmt":"2021-08-02T13:09:22","slug":"accueil-cap-treso","status":"publish","type":"page","link":"https:\/\/www.captreso.com\/","title":{"rendered":"Accueil"},"content":{"rendered":"<h2>Optimisez la gestion de votre tr\u00e9sorerie<\/h2>\n<p>\t\t\t<a href=\"#pricing\" role=\"button\"><br \/>\n\t\t\t\t\t\tCommencer<br \/>\n\t\t\t\t\t<\/a><br \/>\n\t\t<iframe loading=\"lazy\" title=\"Getting Started With Elementor\" width=\"1290\" height=\"726\" src=\"https:\/\/www.youtube.com\/embed\/_X0eYtY8T_U?feature=oembed\" frameborder=\"0\" allow=\"accelerometer; autoplay; clipboard-write; encrypted-media; gyroscope; picture-in-picture\" allowfullscreen><\/iframe>\t\t<\/p>\n<figure><img src=\"https:\/\/www.captreso.com\/wp-content\/uploads\/2021\/06\/Carte-de-Visite-3-178x116.png\" alt=\"perseus capital\" \/><\/figure>\n<figure><img src=\"https:\/\/www.captreso.com\/wp-content\/uploads\/2021\/06\/Logo-Generation-IA-png-116x116.png\" alt=\"Logo G\u00e9n\u00e9ration IA png\" \/><\/figure>\n<figure><img src=\"https:\/\/www.captreso.com\/wp-content\/uploads\/2021\/06\/Logo-Smile-Pickup-HD-116x116.png\" alt=\"Logo Smile Pickup HD\" \/><\/figure>\n<figure><img src=\"https:\/\/www.captreso.com\/wp-content\/uploads\/2021\/06\/NOCTAMBULE-logo-4-116x116.png\" alt=\"NOCTAMBULE logo (4)\" \/><\/figure>\n<p>\t\t\t\t\t\tPr\u00e9c\u00e9dent<br \/>\n\t\t\t\t\t\tSuivant<\/p>\n<h2>CAP Tr\u00e9so, la meilleure appli de gestion de tr\u00e9sorerie<\/h2>\n<h4>G\u00e9rez vos transactions<\/h4>\n<p>CAP Tr\u00e9so r\u00e9colte l&rsquo;ensemble de vos transactions bancaires aupr\u00e8s de votre (vos) banque(s) et les cat\u00e9gorisent selon leur nature et leur fonction.<\/p>\n<p>https:\/\/www.captreso.com\/wp-content\/uploads\/2021\/07\/GIFs-CAPTreso.mp4https:\/\/www.captreso.com\/wp-content\/uploads\/2021\/07\/GIFs-CAPTreso-1.mp4\t\t<\/p>\n<h4>Anticipez tous les sc\u00e9narios<\/h4>\n<p>Gr\u00e2ce \u00e0 CAP Tr\u00e9so, anticipez tous les sc\u00e9narios possibles en testant diff\u00e9rentes possibilit\u00e9s optimistes ou pessimistes afin de pallier tous les impr\u00e9vus.<\/p>\n<h4>Sur PC, Smartphone et Tablette<\/h4>\n<p>CAP Tr\u00e9so utilise le syst\u00e8me de web-app ! C&rsquo;est-\u00e0-dire qu&rsquo;il vous suffit d&rsquo;un appareil connect\u00e9 et d&rsquo;une connexion internet pour acc\u00e9der \u00e0 votre application de gestion de tr\u00e9sorerie.<\/p>\n<p>https:\/\/www.captreso.com\/wp-content\/uploads\/2021\/07\/GIFs-CAPTreso-2.mp4<br \/>\n\t\t\t\t\t\t\t\t\t\t\t\t\t\t\t<img width=\"1024\" height=\"578\" src=\"https:\/\/www.captreso.com\/wp-content\/uploads\/2021\/06\/MOCKUP-CAP-TRESO-2-1024x578.png\" alt=\"fonctionnement\" loading=\"lazy\" srcset=\"https:\/\/i2.wp.com\/www.captreso.com\/wp-content\/uploads\/2021\/06\/MOCKUP-CAP-TRESO-2.png?resize=1024%2C578&amp;ssl=1 1024w, https:\/\/i2.wp.com\/www.captreso.com\/wp-content\/uploads\/2021\/06\/MOCKUP-CAP-TRESO-2.png?resize=300%2C169&amp;ssl=1 300w, https:\/\/i2.wp.com\/www.captreso.com\/wp-content\/uploads\/2021\/06\/MOCKUP-CAP-TRESO-2.png?resize=768%2C433&amp;ssl=1 768w, https:\/\/i2.wp.com\/www.captreso.com\/wp-content\/uploads\/2021\/06\/MOCKUP-CAP-TRESO-2.png?resize=206%2C116&amp;ssl=1 206w, https:\/\/i2.wp.com\/www.captreso.com\/wp-content\/uploads\/2021\/06\/MOCKUP-CAP-TRESO-2.png?w=1152&amp;ssl=1 1152w\" sizes=\"(max-width: 1024px) 100vw, 1024px\" \/>\t\t\t\t\t\t\t\t\t\t\t\t\t\t\t<\/p>\n<h4>Surveillez la sant\u00e9 de votre tr\u00e9sorerie d&rsquo;un coup d&rsquo;oeil !<\/h4>\n<p>Avec un design d&rsquo;application simple et intuitif, CAP Tr\u00e9so vous permet de retrouver les principaux indicateurs de la bonne gestion de votre tr\u00e9sorerie sur la page d&rsquo;accueil.<\/p>\n<h4>Retrouvez votre historique de transaction<\/h4>\n<p>Toutes vos derni\u00e8res transactions bancaires au m\u00eame endroit et rang\u00e9es par cat\u00e9gorie de d\u00e9pense \/ de revenu. Tout est fait pour vous simplifier la tr\u00e9sorerie.<\/p>\n<p>\t\t\t\t\t\t\t\t\t\t\t\t\t\t\t<img width=\"1024\" height=\"578\" src=\"https:\/\/www.captreso.com\/wp-content\/uploads\/2021\/06\/MOCKUP-CAP-TRESO-1-1024x578.png\" alt=\"\" loading=\"lazy\" srcset=\"https:\/\/i0.wp.com\/www.captreso.com\/wp-content\/uploads\/2021\/06\/MOCKUP-CAP-TRESO-1.png?resize=1024%2C578&amp;ssl=1 1024w, https:\/\/i0.wp.com\/www.captreso.com\/wp-content\/uploads\/2021\/06\/MOCKUP-CAP-TRESO-1.png?resize=300%2C169&amp;ssl=1 300w, https:\/\/i0.wp.com\/www.captreso.com\/wp-content\/uploads\/2021\/06\/MOCKUP-CAP-TRESO-1.png?resize=768%2C433&amp;ssl=1 768w, https:\/\/i0.wp.com\/www.captreso.com\/wp-content\/uploads\/2021\/06\/MOCKUP-CAP-TRESO-1.png?resize=206%2C116&amp;ssl=1 206w, https:\/\/i0.wp.com\/www.captreso.com\/wp-content\/uploads\/2021\/06\/MOCKUP-CAP-TRESO-1.png?w=1152&amp;ssl=1 1152w\" sizes=\"(max-width: 1024px) 100vw, 1024px\" \/>\t\t\t\t\t\t\t\t\t\t\t\t\t\t\t<\/p>\n<h3>Choisissez le plan qui vous correspond !<\/h3>\n<p>CAP Tr\u00e9so propose 3 formules de prix adapt\u00e9es au profil et aux besoins de votre entreprise. Choisissez celui qui vous correspond le mieux !<\/p>\n<p>[rpt name=\u00a0\u00bbapp\u00a0\u00bb]\t\t<\/p>\n<h3>\n\t\t\t\t\tG\u00e9rez vos transactions<br \/>\n\t\t\t\t<\/h3>\n<p>Retrouvez l&rsquo;int\u00e9gralit\u00e9 de vos revenus et d\u00e9penses et classez les en cat\u00e9gories distinctes pour faciliter votre gestion. <\/p>\n<h3>\n\t\t\t\t\tMulti-entreprise<br \/>\n\t\t\t\t<\/h3>\n<p>Int\u00e9grez jusqu&rsquo;\u00e0 10 entreprises sur 1 seul et m\u00eame compte CAP Tr\u00e9so !<\/p>\n<h3>\n\t\t\t\t\tanticipez les sc\u00e9narios<br \/>\n\t\t\t\t<\/h3>\n<p>Cr\u00e9ez des sc\u00e9narios personnalis\u00e9s avec vos pr\u00e9visions \u00e0 court ou long terme pour toujours avoir un coup d&rsquo;avance !<\/p>\n<h3>\n\t\t\t\t\tmulti-compte bancaire<br \/>\n\t\t\t\t<\/h3>\n<p>Int\u00e9grez jusqu&rsquo;\u00e0 5 comptes bancaire par entreprise !<\/p>\n<h2>Nos derniers posts<\/h2>\n<p>\t\t[frontpage_news widget=\u00a0\u00bb208&Prime; name=\u00a0\u00bb\u00a0\u00bb]<br \/>\n\t\t\t<a href=\"https:\/\/www.captreso.com\/index.php\/conseils\/\" role=\"button\"><br \/>\n\t\t\t\t\t\tAcc\u00e9der \u00e0 tous nos conseils<br \/>\n\t\t\t\t\t<\/a><\/p>\n","protected":false},"excerpt":{"rendered":"<p>Optimisez la gestion de votre tr\u00e9sorerie Commencer Pr\u00e9c\u00e9dent Suivant CAP Tr\u00e9so, la meilleure appli de gestion de tr\u00e9sorerie G\u00e9rez vos transactions CAP Tr\u00e9so r\u00e9colte l&rsquo;ensemble de vos transactions bancaires aupr\u00e8s de votre (vos) banque(s) et les cat\u00e9gorisent selon leur nature et leur fonction. https:\/\/www.captreso.com\/wp-content\/uploads\/2021\/07\/GIFs-CAPTreso.mp4https:\/\/www.captreso.com\/wp-content\/uploads\/2021\/07\/GIFs-CAPTreso-1.mp4 Anticipez tous les sc\u00e9narios Gr\u00e2ce \u00e0 CAP Tr\u00e9so, anticipez tous les sc\u00e9narios possibles en testant diff\u00e9rentes possibilit\u00e9s optimistes ou pessimistes afin de pallier tous les impr\u00e9vus. Sur PC, Smartphone et Tablette CAP Tr\u00e9so utilise le syst\u00e8me de web-app ! C&rsquo;est-\u00e0-dire qu&rsquo;il vous suffit d&rsquo;un appareil connect\u00e9 et d&rsquo;une connexion internet pour acc\u00e9der \u00e0 votre application de\u2026<\/p>\n","protected":false},"author":1,"featured_media":553,"parent":0,"menu_order":0,"comment_status":"closed","ping_status":"closed","template":"","meta":[],"blocksy_meta":{"styles_descriptor":{"styles":{"desktop":"","tablet":"","mobile":""},"google_fonts":[]}},"_links":{"self":[{"href":"https:\/\/www.captreso.com\/index.php\/wp-json\/wp\/v2\/pages\/162"}],"collection":[{"href":"https:\/\/www.captreso.com\/index.php\/wp-json\/wp\/v2\/pages"}],"about":[{"href":"https:\/\/www.captreso.com\/index.php\/wp-json\/wp\/v2\/types\/page"}],"author":[{"embeddable":true,"href":"https:\/\/www.captreso.com\/index.php\/wp-json\/wp\/v2\/users\/1"}],"replies":[{"embeddable":true,"href":"https:\/\/www.captreso.com\/index.php\/wp-json\/wp\/v2\/comments?post=162"}],"version-history":[{"count":189,"href":"https:\/\/www.captreso.com\/index.php\/wp-json\/wp\/v2\/pages\/162\/revisions"}],"predecessor-version":[{"id":1296,"href":"https:\/\/www.captreso.com\/index.php\/wp-json\/wp\/v2\/pages\/162\/revisions\/1296"}],"wp:featuredmedia":[{"embeddable":true,"href":"https:\/\/www.captreso.com\/index.php\/wp-json\/wp\/v2\/media\/553"}],"wp:attachment":[{"href":"https:\/\/www.captreso.com\/index.php\/wp-json\/wp\/v2\/media?parent=162"}],"curies":[{"name":"wp","href":"https:\/\/api.w.org\/{rel}","templated":true}]}}